150*q**2 + 1. Is m(6) composite?
True
Let x be 1*-142*(-13)/(-26). Let c(u) = -9*u + 2. Let r be c(-8). Let w = r - x. Is w prime?
False
Suppose -171*n = -175*n + 39776. Let w = n - 5035. Is w a composite number?
False
Let k be (5/(20/32))/(-4 - -3). Is (-4)/(k/(-12491))*-2 prime?
True
Let m(p) = -2*p**3 + 97*p**2 - 7*p - 9. Suppose -b = -4*i + 193, 4*b = -2*i - 0 + 74. Is m(i) composite?
True
Let k be (-3 - 0)/(6/4). Let b = -908 + 903. Is (5/b)/(k/4778) prime?
True
Suppose 9 = 6*k - 9. Suppose -k = -4*a + 9. Suppose -4*v = 3*o - 2145 - 604, -a*o = -2*v - 2725. Is o composite?
False
Let z = -182 + 216. Suppose 24*d + 89990 = z*d. Is d a prime number?
True
Suppose 118*u - 49519434 + 10482556 = 0. Is u a prime number?
True
Let m(f) = 5461*f**2 - 18*f - 152. Is m(-5) a composite number?
False
Let a = 90222 - -24979. Is a a prime number?
True
Suppose -5*q = -3*v - 833186, 33*v = 3*q + 38*v - 499932. Is q a composite number?
True
Let p = 114 - 111. Is (0 + 127)*(p + 37 + 3) a prime number?
False
Let x(f) = 7*f**3 - f**2 - f + 2. Let q be x(1). Suppose -59 = -q*d + 11. Is 19096/d + -1*12/20 prime?
False
Let i(t) = t**2 - 9*t + 25. Let c be i(5). Let h be 4/10*(1 + 4). Suppose 356 = h*f + j, c*f + 5*j = f + 712. Is f prime?
False
Let v(x) be the first derivative of 799*x**2/2 - 9*x + 7. Let l be v(2). Suppose m - 5 = 0, -3*k + 3*m = k - l. Is k a prime number?
True
Suppose -7*z - 12 = 23. Let n = z + 7. Suppose 1464 + 1958 = 2*r + n*i, 0 = 3*i - 6. Is r composite?
False
Let c = -4309 + 3025. Let x(m) = m**3 - 19*m**2 + 8*m + 17. Let n be x(15). Let k = n - c. Is k prime?
True
Let x be (167 + (-30)/(-5))*(-42)/(-2). Let z = x + 2104. Is z a prime number?
True
Let q = 388118 + -252159. Is q prime?
False
Let f(l) = -l**3 + 9*l**2 - 8*l - 3. Let s be (-24)/18 - 14*2/(-3). Let u be f(s). Is (695/(-20) - 5)/(u/20) a composite number?
True
Let u(b) = b**3 + 6*b**2 - 9*b - 10. Let n be u(-7). Suppose 3*f + 6847 = 5*j, 0 = -f + n*f + 12. Is j prime?
True
Suppose -3*k + 5 = -4. Suppose 0 = -k*w + 7*w - 12940. Is w composite?
True
Let v(u) = 357*u**2 + 585*u - 227. Is v(50) a composite number?
False
Let m = -1872 + 40. Let n = 7167 - m. Is n a composite number?
False
Suppose 6*i + 186715550 = 356*i. Is i a prime number?
False
Let c(x) = x**3 + 4*x**2 - 40*x + 250. Is c(47) prime?
True
Let z(v) = 15*v**2 - 458*v + 12. Is z(-13) a composite number?
False
Let o = -36 + 36. Suppose -3728 = -2*s - 5*b, -2*s + 4*b + 3710 = -o*s. Suppose s = 11*k - 5676. Is k a composite number?
True
Let x be (-44)/((0 - 1)/(63256/8)). Suppose -7*i - 30087 = -x. Is i a prime number?
True
Let j(x) = x**3 + 94*x**2 + 32*x + 195. Is j(-88) prime?
False
Suppose 17*w = 3222937 + 1510866. Is w prime?
True
Let g = 15 + 14. Let s(u) = 36 - 1 - u**2 + 83 - g. Is s(0) a composite number?
False
Suppose -10*a = -582106 - 282724 - 633780. Is a composite?
False
Let g = 2 - -9. Suppose -g*f + 135187 + 36996 = 0. Is f composite?
True
Suppose -30*i + 10*i + 110780 = 0. Let r = 9506 - i. Is r composite?
False
Suppose 0 = 23*v - 40 - 6. Suppose -t = 3*j - 13751, 3*t = -v*j - 303 + 9475. Is j a prime number?
True
Is 14703*11 + 11/110*10 + -5 composite?
False
Suppose 0 = 8*i + 8*i + 48. Is (8 - 8) + i + 1804 composite?
False
Suppose 5*x = -2*m - 2*m + 207, 126 = 3*x + 3*m. Let n = -53 + x. Is (-4)/14 + (-4610)/n composite?
True
Suppose 3*h + 2*d + 12 = 0, -5*h - 3*d - 45 = -8*d. Let i be (h/(-8))/((-2)/1392). Let j = 125 - i. Is j prime?
True
Suppose -11 + 0 = -2*i - g, 4*g + 4 = 4*i. Suppose -4*u = -i*p + 1660, 3*u + 12 = 6*u. Is p prime?
True
Suppose 4*f - 8654 = -5*i, 2*i - 1927 - 1545 = f. Let z = i + -373. Is z a composite number?
False
Suppose 86 = 4*y - 2*m, -y - 4*m + 7 = -1. Let g = y + -24. Is (-390)/g - -3*3/(-18) a composite number?
False
Let r(m) = -6*m**3 - 9*m**2 + 13. Let d = 0 + 1. Suppose b + 5 = -d. Is r(b) a prime number?
False
Let g = -124 - -129. Suppose 1665 = 2*t - a - 1066, 6841 = g*t + 2*a. Is t a composite number?
False
Let h = 73504 + -4395. Is h composite?
False
Let i = 222189 - 128588. Is i prime?
True
Let b(h) = -2193*h**3 + 6*h**2 + h + 3. Is b(-2) a composite number?
False
Let d(r) = -7*r**3 - 9*r**2 + 17*r + 213. Let i(f) = 4*f**3 + 4*f**2 - 9*f - 106. Let o(u) = 3*d(u) + 5*i(u). Is o(-17) a prime number?
True
Suppose -20 = -7*r + 3*r. Suppose -4*x + 6275 = x + 5*o, 4*x - 5025 = -r*o. Let v = -871 + x. Is v composite?
False
Let i(y) = 25*y**2 - 6*y + 50. Let s be 72/(-20)*25/10. Is i(s) composite?
False
Let y be 10 + (-4)/((-16)/(-28)). Suppose -y*i + 19361 = -18598. Is i a composite number?
False
Suppose 0 = -h - 5*x + 165, 2*h + 3*h + 3*x - 759 = 0. Suppose -6*j - h = -j. Let w = j - -581. Is w prime?
False
Is 109370/80*-2*34*-2 a prime number?
False
Let h = -258 + 216. Is 6/(-21) + (-144198)/h prime?
True
Let m = -887195 + 1505305. Suppose 43955 = 17*n - m. Is n prime?
False
Let n(q) be the first derivative of -2*q**4 + 2*q**3/3 + 4*q**2 - 7*q - 2524. Suppose 0 = -4*p + j - 17, 4*p - 10 = -2*j - 24. Is n(p) a composite number?
True
Suppose -k = 3*c - 53251 - 7507, -5*k - 6*c = -303763. Is k a prime number?
False
Let l(d) = -1246*d - 69. Let c(m) = 9*m - 215. Let r be c(23). Is l(r) a composite number?
True
Suppose 4*g - 83629 = i, -3*g + 43583 = 4*i - 19153. Suppose 239 + g = 7*h. Let n = h + -860. Is n composite?
False
Suppose 6*l - 55028 = 349654. Is l a composite number?
False
Let t(f) = 4*f**2 - 2. Let q be t(-1). Suppose -q*l + 3 = 1. Is 201 + (2 - l) + 3 prime?
False
Let i(z) = -4*z**3 - 24*z**2 + 3*z + 337. Is i(-34) a composite number?
False
Suppose -1 = -10*a + 39. Suppose -15 = -x - a*x. Suppose 2*l - 3234 = -4*s, 0 = -6*l + l - x*s + 8092. Is l a composite number?
False
Suppose -9*y = -6*y - 39. Let d(c) = -36 - y*c + 20 + 10*c**2 + 14. Is d(7) a prime number?
True
Let t(f) = -f**2 + f + 7. Let s be t(-5). Let l(o) = 331*o + 36. Let j(d) = -220*d - 24. Let w(m) = -7*j(m) - 5*l(m). Is w(s) composite?
False
Suppose 34770 = 3*x - 9*x. Let h = 662 - x. Is h prime?
False
Let w = 547604 + -229477. Is w prime?
True
Let y = 19 + -15. Is (5441/y + 3/4)*1 composite?
False
Let a be 5582/(((-4)/4)/1). Let x = a + 3805. Let k = 196 - x. Is k prime?
True
Suppose 11*v - 14*v + 7*j + 855823 = 0, -855847 = -3*v - 5*j. Is v a prime number?
False
Let j(g) = -68*g**3 - 37*g**2 + 30*g + 20. Let x be j(-15). Suppose x = 29*k - 162896. Is k composite?
False
Let b be -1 - ((-44)/(-154) - (-23)/(-7)). Suppose 5*y - 23603 = -h, -b*y + y + 5*h = -4731. Is y a prime number?
True
Let y be (0 - (-2)/(-1)) + 60. Let s = y - 56. Suppose 3*t - 5425 = -2*t - 3*l, 5*t = s*l + 5400. Is t composite?
True
Suppose -399 = r + 5*v, -3*v = 4*r + 2073 - 392. Suppose 0 = -18*y + 14*y + 2460. Let x = y + r. Is x a prime number?
True
Let x = -846 + 162039. Is x a composite number?
True
Let l = 55296 - 35095. Is l composite?
False
Suppose -2*k + 12 = 3*f - 4*f, 3*k - 13 = -f. Suppose 5*w - 617 = 7*j - 11*j, -k*j + 378 = 3*w. Is w a prime number?
False
Let n = 73922 - 42279. Is n composite?
False
Is -252*(0 - 6657/9) + -5 a prime number?
True
Suppose -31*q + 33*q - 110470 = -5*w, -22094 = -w - q. Is w prime?
False
Is (-192)/256*7136196/(-9) a composite number?
True
Let u(i) = 17*i**2 + 1161*i + 31. Is u(33) a composite number?
False
Suppose 21383 = 5*x - 15967. Suppose 5*g - x = 4*k + 1347, -k = 3*g - 5297. Is g a composite number?
True
Suppose 3*t + 1572823 = 8*a - 6*a, -5*t - 15 = 0. Is a a prime number?
True
Let c(q) = q**3 - 5*q**2 - 6*q + 29. Let h be c(12). Let g = -648 + h. Is g composite?
False
Let y(h) be the third derivative of -19*h**7/2520 + 61*h**6/720 + h**5/20 + 46*h**2. Let x(u) be the third derivative of y(u). Is x(-20) prime?
True
Let w(p) be the third derivative of -p**6/60 - p**5/3 - 5*p**4/24 - 17*p**3/3 - 2*p**2 + 308*p - 1. Let q be (-15)/1 - 0/2. Is w(q) a prime number?
False
Let x be (-2 + 3)*(-346)/(-1) + 2. Let f = x + 1413. Suppose -18*d + 21*d = f. Is d a prime number?
True
Let i(t) be the third derivative of t**5/20 + 19*t**4/8 - 7*t**3/6 - 154*t**2. Is i(-23) a prime number?
True
Let z(b) = -15*b**3 - 7*b**2 - 10*b - 5. Let g be z(-12). Let s = 48750 - g. Is s prime?
False
Let a be 42/(-35) - 288/(-15). Is 4/a - 433324/(-36) a prime number?
True
Suppose 0 = 3*q - q + 3